atest common divisor of y and 12?
12
Let j(t) = 45*t**2 + 151*t - 462. Let v be j(3). What is the greatest common divisor of v and 220?
44
Suppose 2*i + 348 = -5*y, -y - 4*i - 356 = 4*y. Let j = 98 + y. What is the highest common divisor of 120 and j?
30
Let w(a) = 2*a - 12. Let f be w(10). Suppose 56*m - o = 59*m - 263, 3*m - 261 = -3*o. Calculate the greatest common divisor of f and m.
8
Let o(g) = g**2 - 57*g + 821. Let u be o(27). Calculate the highest common divisor of 4917 and u.
11
Let h(m) = 2*m**3 - 24*m**2 + 84*m - 14. Let x be h(12). Calculate the greatest common factor of x and 14.
14
Suppose -16*z = 3*z - 285. Let p be 5/(135/72)*z. Let n be (-2)/(-4)*(18 - -2). Calculate the greatest common divisor of n and p.
10
Let p(n) = 104*n**2 - 589*n - 3558. Let a be p(-6). What is the greatest common factor of 8 and a?
8
Let d be (3/((-18)/(-20)))/(2/147). Let m = -210 + d. Calculate the highest common divisor of m and 455.
35
Suppose -4*i + 24 = -4*j, -4*i + j + j + 28 = 0. Suppose 12*q = 731 + 841. Let a = q + -75. Calculate the highest common divisor of i and a.
8
Suppose -5*v = 3*k - 246, v = -0 + 6. What is the highest common factor of k and 1953?
9
Let s(i) = 17*i**3 + i**2 + i - 1. Let c be s(1). Suppose -423 = -56*n + 54*n - 5*f, 0 = 5*f + 45. What is the greatest common factor of c and n?
18
Let m = -7 + 8. Suppose 2*c + 5*s - 6*s = -m, -2*s = -2*c - 2. Suppose -5*t + 30 = z, -2*t + t = c. Calculate the greatest common factor of z and 270.
30
Let j = -37267 - -37715. Let y = 188 + -60. What is the greatest common factor of y and j?
64
Let r(k) = k**2 + 23*k + 120. Let v be r(-6). What is the highest common divisor of 64 and v?
2
Let j be (-1012)/(-18) - 0 - 2/9. Let i be ((-172)/(-28) + -1)/(6/j). Let d be 0 + 6 + (-2 + 2)/(-1). Calculate the highest common divisor of i and d.
6
Suppose 0 = -64*w + 70*w - 18. Suppose -3*t + z + 567 = 4*z, -754 = -4*t - w*z. What is the highest common divisor of 44 and t?
11
Let h be (-7)/7 - 40/(-1). Let x = -71 + h. Let i = x + 41. Calculate the highest common divisor of 9 and i.
9
Let f = 67 + 53. Let u = 26407 - 26197. Calculate the greatest common divisor of f and u.
30
Let g be 102/408 + 1 + 14/8. Suppose -2*x + 33 + g = 0. Calculate the greatest common factor of 18 and x.
18
Let f(t) = -t**2 + 4*t + 430. Let s be f(0). Let z = s + -420. Calculate the highest common divisor of z and 2.
2
Let c be 220/(-12)*(-99)/(-55). Suppose -5*h - f - f = -109, -5*h + 115 = 5*f. Let l be (h/(-4))/(c/88). Calculate the greatest common divisor of 14 and l.
14
Let s = -43 + 76. Suppose 0*c = 4*c + 3*v - s, -4*v + 6 = -c. Suppose z - c*z = -880. What is the highest common divisor of z and 22?
22
Suppose 39*t - 34*t = -2*b + 1351, 4*b + 5*t = 2707. Let o = 702 - b. Calculate the greatest common factor of 184 and o.
8
Let j = -6008 + 6144. Calculate the highest common divisor of 2737 and j.
17
Let d = -165 - -168. Suppose -93 = -3*s - u + 37, 0 = d*u + 15. Calculate the greatest common factor of 360 and s.
45
Suppose -j + 12 + 136 = 0. Let c be 2 - (5 + 847/(-11)). Calculate the highest common divisor of c and j.
74
Let d = -101 - -177. Suppose 81 = t - 3*w, 2*t - 3*t + d = 2*w. Let p be (-3)/(0 + 3/(-52)). Calculate the highest common factor of p and t.
26
Suppose 0 = 4*m + 14*m + 162. Let u be (-220)/m + 20/(-45). What is the highest common factor of 48 and u?
24
Let z = 6 + 27. Let o = -543 - -653. What is the highest common divisor of o and z?
11
Let k(x) = 7 + 41*x - 6 + 4. Let s be k(3). Let c(h) = -4*h + 64. Let w be c(12). Calculate the highest common factor of s and w.
16
Let s be (-8 - -13) + -20 + 1844. What is the highest common factor of 236 and s?
59
Suppose -14 = 8*d + 2. Let i be (1/d - 0)*(-15 - -3). Suppose 3*u = 0, a - 5*u - i = -4*u. What is the highest common divisor of 42 and a?
6
Let q = 610 + -349. Suppose -13*t + 15*t - 4 = 0. Suppose -t*s + 4*h + 62 = 0, 4*h = -4*s + 129 - 17. Calculate the highest common factor of s and q.
29
Let k(b) = -b**3 - 10*b**2 - 5*b + 37. Let c be k(-9). Let y be (c - 2)*(638 + -14)/(-16). What is the greatest common factor of 299 and y?
13
Let w = -628 + 618. Let q be -2233*(-9)/((-315)/w). Calculate the greatest common divisor of q and 22.
22
Let b = 140 + -122. Let w be (-1680)/(-27) - b/81. Calculate the highest common divisor of 31 and w.
31
Suppose -38*k + 193*k = 957435. Calculate the greatest common divisor of 58 and k.
29
Suppose 4*r - 2*z - 136 = 0, 72*z - 103 = -3*r + 74*z. What is the greatest common factor of 121 and r?
11
Let d(l) = -285*l**3 + 8*l**2 - 50*l - 165. Let z be d(-3). What is the highest common divisor of z and 72?
24
Let y = -1821 + 1929. What is the highest common factor of 2532 and y?
12
Let q(s) = -13*s + 39. Let a = 161 + -173. Let o be q(a). Calculate the highest common factor of 15 and o.
15
Let t = 624 + -619. Let c be 10*(135/25 - t). What is the greatest common factor of 356 and c?
4
Suppose 0 = -40*n + 120. Let y be 26/((n/4)/3). Let z = 0 + 13. What is the highest common divisor of z and y?
13
Let s(f) = 10*f**2 - 56*f + 722. Let g be s(21). What is the greatest common factor of g and 1032?
172
Suppose 226*v - 13752 = -347*v. Suppose -4*a = 3*x - 12, 2*x + 15 = 5*a + x. Let k be (4 - a)*2*48. Calculate the highest common factor of v and k.
24
Let s = -344 - -699. Suppose 5*g = -5*a + s, 0 = 2*g - 1 - 5. Suppose a = 2*y - 2*x, 36 = 2*y - 4*x - 40. What is the highest common factor of y and 120?
30
Suppose -107 + 154 = -8*w + 735. Calculate the highest common factor of 6880 and w.
86
Let y = 277 - 94. Suppose -17*q + 55 = -y. What is the greatest common divisor of q and 7?
7
Suppose o - 4 = -3*o. Suppose 0 = 3*y - 2*s - 6, -4*s + 3 = y + o. Let h be (30/1 + 2)/2. What is the highest common divisor of y and h?
2
Let b be 0 + 110 - (-8 - (-84)/12)/1. Calculate the greatest common divisor of b and 555.
111
Let s = 39882 + -18207. What is the greatest common factor of 153 and s?
51
Let y = 6381 - 3770. What is the highest common divisor of 7 and y?
7
Suppose 3*c - c + 3*q = 61, 5*c = -3*q + 139. Let a be 3*(-4 + 85/15). Suppose -567 = -a*z + 473. What is the greatest common factor of z and c?
26
Let j(b) = 252*b - 3972. Let z be j(31). What is the greatest common divisor of z and 120?
120
Suppose -4*j + 4*u + 112 = 0, 32*j = 36*j - 5*u - 114. Let p be 76 - (2/(-2) - 1). What is the highest common divisor of p and j?
26
Let i = -406 + 226. Let g be -9 + 7 + 7 - (i - -1). What is the highest common divisor of 46 and g?
46
Suppose 0 = -3*g - 3*n + 3717, 2*g - 3111 + 657 = 2*n. Calculate the highest common divisor of g and 27.
9
Suppose 2*l - 1 = 1. Let m(a) = 40*a**3 - 2*a**2 + 2*a - 1. Let u be m(l). Let p = -276 + 328. What is the highest common divisor of u and p?
13
Suppose -24566*o = -24510*o - 896. Suppose 4*w - 2*r = -0*r + 830, 0 = -5*r + 5. Calculate the highest common factor of o and w.
16
Suppose -7*w + 1288 = 2*w + 5*w. Calculate the highest common factor of 368 and w.
92
Let g be (23/2)/((-2)/4). Let d = -10 - g. Suppose -y + 3*y - 242 = 2*a, 2*y = 4*a + 250. Calculate the highest common divisor of d and y.
13
Let x = 4 + 25. Suppose -4*b - x = -5*g - 172, -g = 5*b - 186. Calculate the greatest common factor of b and 407.
37
Let z be (17649/(-18))/(5/30*-3). Calculate the highest common factor of 148 and z.
37
Let g be (13 + 78/(-13))*(-89)/(-7). Suppose -4*h = 5*p - 481 + g, 3*h - 154 = -2*p. Calculate the highest common factor of 5 and p.
5
Let i = 102 + -57. Suppose 3*u - 72 - i = 0. Let y be (-2)/37 - 103932/(-666). Calculate the greatest common divisor of u and y.
39
Let i = -5167 - -6556. What is the highest common factor of i and 3?
3
Let m = 51 - 48. Suppose m*i - 335 = -2*j, -4*j - 5*i + 685 = -2*i. What is the highest common divisor of j and 25?
25
Suppose -230256 = -207*q - 39*q. Calculate the greatest common divisor of 1053 and q.
117
Suppose -478 - 296 = -4*a + 5*k, -4*a + 4*k + 776 = 0. Let c(r) = -2573*r + 110643. Let v be c(43). What is the highest common divisor of v and a?
4
Suppose 2*y + y = 3*i - 9, -5*y - 4*i - 42 = 0. Let r be y*4/(-6) + 0. Let k = 51 + r. What is the highest common divisor of 11 and k?
11
Let l(i) = 10*i**2 - 23*i + 111. Let f be l(9). What is the greatest common factor of